{"id":609,"date":"2020-02-20T19:52:10","date_gmt":"2020-02-20T16:52:10","guid":{"rendered":"http:\/\/cevhervinc.com.tr\/?page_id=609"},"modified":"2020-06-02T19:48:01","modified_gmt":"2020-06-02T16:48:01","slug":"agir-yuk-tasima-treyler-lowbednakliye-tasimaciligi","status":"publish","type":"page","link":"https:\/\/cevhervinc.com.tr\/?page_id=609","title":{"rendered":"A\u011f\u0131r Y\u00fck ta\u015f\u0131ma ,Treyler ,Lowbed,Nakliye Ta\u015f\u0131mac\u0131l\u0131\u011f\u0131"},"content":{"rendered":"\t\t<div data-elementor-type=\"wp-page\" data-elementor-id=\"609\" class=\"elementor elementor-609\">\n\t\t\t\t\t\t\t\t\t<section class=\"elementor-section elementor-top-section elementor-element elementor-element-bfd2347 elementor-section-boxed elementor-section-height-default elementor-section-height-default\" data-id=\"bfd2347\" data-element_type=\"section\">\n\t\t\t\t\t\t<div class=\"elementor-container elementor-column-gap-default\">\n\t\t\t\t\t<div class=\"elementor-column elementor-col-100 elementor-top-column elementor-element elementor-element-87f965a\" data-id=\"87f965a\" data-element_type=\"column\">\n\t\t\t<div class=\"elementor-widget-wrap elementor-element-populated\">\n\t\t\t\t\t\t\t\t<div class=\"elementor-element elementor-element-c47a2ff elementor-widget elementor-widget-heading\" data-id=\"c47a2ff\" data-element_type=\"widget\" data-widget_type=\"heading.default\">\n\t\t\t\t<div class=\"elementor-widget-container\">\n\t\t\t<h2 class=\"elementor-heading-title elementor-size-default\">A\u011f\u0131r Nakliye Proje Ta\u015f\u0131mac\u0131l\u0131\u011f\u0131\u00a0<\/h2>\t\t<\/div>\n\t\t\t\t<\/div>\n\t\t\t\t\t<\/div>\n\t\t<\/div>\n\t\t\t\t\t\t\t<\/div>\n\t\t<\/section>\n\t\t\t\t<section class=\"elementor-section elementor-top-section elementor-element elementor-element-8b68b06 elementor-section-boxed elementor-section-height-default elementor-section-height-default\" data-id=\"8b68b06\" data-element_type=\"section\">\n\t\t\t\t\t\t<div class=\"elementor-container elementor-column-gap-default\">\n\t\t\t\t\t<div class=\"elementor-column elementor-col-100 elementor-top-column elementor-element elementor-element-402c177\" data-id=\"402c177\" data-element_type=\"column\">\n\t\t\t<div class=\"elementor-widget-wrap elementor-element-populated\">\n\t\t\t\t\t\t\t\t<div class=\"elementor-element elementor-element-22eddbd elementor-widget elementor-widget-text-editor\" data-id=\"22eddbd\" data-element_type=\"widget\" data-widget_type=\"text-editor.default\">\n\t\t\t\t<div class=\"elementor-widget-container\">\n\t\t\t\t\t\t\t<p><strong>Cevher Vin\u00e7 A\u011f\u0131r Nakliye Proje Ta\u015f\u0131mac\u0131l\u0131\u011f\u0131n \u2019da Tank, Trofa ta\u015f\u0131malar\u0131n\u0131 lowbet, treyler ile her t\u00fcrl\u00fc yere y\u00fckleme, ta\u015f\u0131ma nakliye i\u015flerinde ba\u015far\u0131l\u0131 bir \u015fekilde hizmet vermeyi ama\u00e7lamaktad\u0131r. Tecr\u00fcbeli ve deneyimli kadrosu ile hizmetlerini kaliteli anahtar teslim projelerle yapmaktad\u0131r.<\/strong><\/p>\t\t\t\t\t\t<\/div>\n\t\t\t\t<\/div>\n\t\t\t\t\t<\/div>\n\t\t<\/div>\n\t\t\t\t\t\t\t<\/div>\n\t\t<\/section>\n\t\t\t\t<section class=\"elementor-section elementor-top-section elementor-element elementor-element-01f5c8e elementor-section-boxed elementor-section-height-default elementor-section-height-default\" data-id=\"01f5c8e\" data-element_type=\"section\">\n\t\t\t\t\t\t<div class=\"elementor-container elementor-column-gap-default\">\n\t\t\t\t\t<div class=\"elementor-column elementor-col-100 elementor-top-column elementor-element elementor-element-8d29a05\" data-id=\"8d29a05\" data-element_type=\"column\">\n\t\t\t<div class=\"elementor-widget-wrap elementor-element-populated\">\n\t\t\t\t\t\t\t\t<div class=\"elementor-element elementor-element-9ec86f0 elementor-widget elementor-widget-html\" data-id=\"9ec86f0\" data-element_type=\"widget\" data-widget_type=\"html.default\">\n\t\t\t\t<div class=\"elementor-widget-container\">\n\t\t\t[pfhub_portfolio_portfolio id=\"11\"]\t\t<\/div>\n\t\t\t\t<\/div>\n\t\t\t\t\t<\/div>\n\t\t<\/div>\n\t\t\t\t\t\t\t<\/div>\n\t\t<\/section>\n\t\t\t\t<section class=\"elementor-section elementor-top-section elementor-element elementor-element-7808663 elementor-section-boxed elementor-section-height-default elementor-section-height-default\" data-id=\"7808663\" data-element_type=\"section\">\n\t\t\t\t\t\t<div class=\"elementor-container elementor-column-gap-default\">\n\t\t\t\t\t<div class=\"elementor-column elementor-col-100 elementor-top-column elementor-element elementor-element-7bbcbc4\" data-id=\"7bbcbc4\" data-element_type=\"column\">\n\t\t\t<div class=\"elementor-widget-wrap elementor-element-populated\">\n\t\t\t\t\t\t\t\t<div class=\"elementor-element elementor-element-f58097e elementor-widget elementor-widget-spacer\" data-id=\"f58097e\" data-element_type=\"widget\" data-widget_type=\"spacer.default\">\n\t\t\t\t<div class=\"elementor-widget-container\">\n\t\t\t\t\t<div class=\"elementor-spacer\">\n\t\t\t<div class=\"elementor-spacer-inner\"><\/div>\n\t\t<\/div>\n\t\t\t\t<\/div>\n\t\t\t\t<\/div>\n\t\t\t\t\t<\/div>\n\t\t<\/div>\n\t\t\t\t\t\t\t<\/div>\n\t\t<\/section>\n\t\t\t\t<section class=\"elementor-section elementor-top-section elementor-element elementor-element-cc4eb8c elementor-section-boxed elementor-section-height-default elementor-section-height-default\" data-id=\"cc4eb8c\" data-element_type=\"section\">\n\t\t\t\t\t\t<div class=\"elementor-container elementor-column-gap-default\">\n\t\t\t\t\t<div class=\"elementor-column elementor-col-100 elementor-top-column elementor-element elementor-element-68e9fa1\" data-id=\"68e9fa1\" data-element_type=\"column\">\n\t\t\t<div class=\"elementor-widget-wrap elementor-element-populated\">\n\t\t\t\t\t\t\t\t<div class=\"elementor-element elementor-element-ee46229 elementor-widget elementor-widget-text-editor\" data-id=\"ee46229\" data-element_type=\"widget\" data-widget_type=\"text-editor.default\">\n\t\t\t\t<div class=\"elementor-widget-container\">\n\t\t\t\t\t\t\t<p><strong>A\u011f\u0131r Y\u00fck ta\u015f\u0131ma ,Treyler ,Lowbed,Nakliye Ta\u015f\u0131mac\u0131l\u0131\u011f\u0131<\/strong>, son y\u0131llarda h\u0131zla b\u00fcy\u00fcme g\u00f6steren nakliye firmalar\u0131 aras\u0131nda yer almakta. Lowbet Ta\u015f\u0131mac\u0131l\u0131k A\u011f\u0131r sanayi makineleri, i\u015f makineleri ve normal yollarla ta\u015f\u0131namayacak kadar a\u011f\u0131r ara\u00e7lar\u0131n nakliyesi ancak lowbet ta\u015f\u0131mac\u0131l\u0131\u011f\u0131 sayesinde ger\u00e7ekle\u015febilir. Bu nedenle hem ulusal hem de uluslararas\u0131 lowbed ta\u015f\u0131mac\u0131l\u0131\u011f\u0131 yapmak i\u00e7in bir\u00e7ok firma yat\u0131r\u0131m yapmaktad\u0131r. Bu i\u015f san\u0131ld\u0131\u011f\u0131 kadar kolay de\u011fildir ve uzmanl\u0131k gerektirir. Hem ulusal hem de uluslararas\u0131 t\u00fcm firmalar bu konudaki t\u00fcm geli\u015fimleri takip ederek hizmet vermek zorundad\u0131rlar.<\/p><p><strong>A\u011f\u0131r Y\u00fck ta\u015f\u0131ma ,Treyler ,Lowbed,Nakliye Ta\u015f\u0131mac\u0131l\u0131\u011f\u0131<\/strong>, \u00f6l\u00e7\u00fc d\u0131\u015f\u0131 ta\u015f\u0131ma olarak da bilinen, a\u011f\u0131r y\u00fck ta\u015f\u0131mac\u0131l\u0131\u011f\u0131 hizmetlerinden biridir. Bu nedenle lowbed nakliye fiyatlar\u0131, ta\u015f\u0131nacak y\u00fck\u00fcn tonaj\u0131na ve gidece\u011fi b\u00f6lgeye g\u00f6re de\u011fi\u015fikli g\u00f6sterir. Lowbet ta\u015f\u0131mac\u0131l\u0131\u011f\u0131 ile t\u00fcm askeri malzemeler, a\u011f\u0131r i\u015f makinalar\u0131, r\u00fczg\u00e2r t\u00fcrbinleri, k\u00f6pr\u00fc kiri\u015fleri vb. a\u011f\u0131r malzemeler ta\u015f\u0131nmaktad\u0131r. Dolay\u0131s\u0131yla da b\u00f6yle bir hizmet i\u00e7in farkl\u0131 lowbed fiyatlar\u0131 s\u00f6z konusudur. H\u0131zl\u0131 ve g\u00fcvenli bir \u015fekilde lowbed hizmeti almak ve uygun fiyat avantajlar\u0131ndan yararlanmak i\u00e7in bize ula\u015fabilirsiniz. Ayr\u0131ca sitemizdeki irtibat numaralar\u0131ndan\u00a0<a href=\"http:\/\/cevhervinc.com.tr\/iletisim\/\">bizi arayarak<\/a>\u00a0daha detayl\u0131 bilgi alabilirsiniz.<\/p>\t\t\t\t\t\t<\/div>\n\t\t\t\t<\/div>\n\t\t\t\t\t<\/div>\n\t\t<\/div>\n\t\t\t\t\t\t\t<\/div>\n\t\t<\/section>\n\t\t\t\t<section class=\"elementor-section elementor-top-section elementor-element elementor-element-77dcf1a elementor-section-boxed elementor-section-height-default elementor-section-height-default\" data-id=\"77dcf1a\" data-element_type=\"section\">\n\t\t\t\t\t\t<div class=\"elementor-container elementor-column-gap-default\">\n\t\t\t\t\t<div class=\"elementor-column elementor-col-100 elementor-top-column elementor-element elementor-element-579952f\" data-id=\"579952f\" data-element_type=\"column\">\n\t\t\t<div class=\"elementor-widget-wrap elementor-element-populated\">\n\t\t\t\t\t\t\t\t<div class=\"elementor-element elementor-element-24b9c20 elementor-widget elementor-widget-spacer\" data-id=\"24b9c20\" data-element_type=\"widget\" data-widget_type=\"spacer.default\">\n\t\t\t\t<div class=\"elementor-widget-container\">\n\t\t\t\t\t<div class=\"elementor-spacer\">\n\t\t\t<div class=\"elementor-spacer-inner\"><\/div>\n\t\t<\/div>\n\t\t\t\t<\/div>\n\t\t\t\t<\/div>\n\t\t\t\t\t<\/div>\n\t\t<\/div>\n\t\t\t\t\t\t\t<\/div>\n\t\t<\/section>\n\t\t\t\t<section class=\"elementor-section elementor-top-section elementor-element elementor-element-2a6c7ed elementor-section-boxed elementor-section-height-default elementor-section-height-default\" data-id=\"2a6c7ed\" data-element_type=\"section\">\n\t\t\t\t\t\t<div class=\"elementor-container elementor-column-gap-default\">\n\t\t\t\t\t<div class=\"elementor-column elementor-col-100 elementor-top-column elementor-element elementor-element-fa26542\" data-id=\"fa26542\" data-element_type=\"column\">\n\t\t\t<div class=\"elementor-widget-wrap elementor-element-populated\">\n\t\t\t\t\t\t\t\t<div class=\"elementor-element elementor-element-5ace971 elementor-widget elementor-widget-heading\" data-id=\"5ace971\" data-element_type=\"widget\" data-widget_type=\"heading.default\">\n\t\t\t\t<div class=\"elementor-widget-container\">\n\t\t\t<h2 class=\"elementor-heading-title elementor-size-default\">A\u011f\u0131r Nakliyat<\/h2>\t\t<\/div>\n\t\t\t\t<\/div>\n\t\t\t\t\t<\/div>\n\t\t<\/div>\n\t\t\t\t\t\t\t<\/div>\n\t\t<\/section>\n\t\t\t\t<section class=\"elementor-section elementor-top-section elementor-element elementor-element-4b21a7d elementor-section-boxed elementor-section-height-default elementor-section-height-default\" data-id=\"4b21a7d\" data-element_type=\"section\">\n\t\t\t\t\t\t<div class=\"elementor-container elementor-column-gap-default\">\n\t\t\t\t\t<div class=\"elementor-column elementor-col-100 elementor-top-column elementor-element elementor-element-7a4e0f0c\" data-id=\"7a4e0f0c\" data-element_type=\"column\">\n\t\t\t<div class=\"elementor-widget-wrap elementor-element-populated\">\n\t\t\t\t\t\t\t\t<div class=\"elementor-element elementor-element-44cbc41e elementor-widget elementor-widget-text-editor\" data-id=\"44cbc41e\" data-element_type=\"widget\" data-widget_type=\"text-editor.default\">\n\t\t\t\t<div class=\"elementor-widget-container\">\n\t\t\t\t\t\t\t<div><p><strong>A\u011f\u0131r Nakliyat<\/strong>, konusunda her ge\u00e7en g\u00fcn firmalar kendilerini geli\u015ftirmek i\u00e7in gayret etmektedir. Geli\u015fen teknolojinin de deste\u011fiyle a\u011f\u0131r nakliye lowbet ara\u00e7lar\u0131 ve di\u011fer ekipmanlar yenilenmektedir. Hem d\u00fcnyada hem de \u00fclkemizde a\u011f\u0131r nakliye firmalar\u0131 belli izinlere tabi olarak faaliyetlerini s\u00fcrd\u00fcrd\u00fcler. Bu nedenle uluslararas\u0131 ve yurt i\u00e7i ta\u015f\u0131mac\u0131l\u0131k prosed\u00fcrlerine uygun hizmet vermek zorundad\u0131rlar. Ancak bu \u015fekilde profesyonel hizmet anlay\u0131\u015f\u0131nda olan firmalar a\u011f\u0131r nakliye hizmetlerinde ba\u015far\u0131l\u0131 olabilirler.<\/p><p>\u00a0<\/p><p><strong>A\u011f\u0131r Nakliye<\/strong>, hizmetleri i\u00e7in hidrolik ara\u00e7lar veya lowbed ara\u00e7lar kullan\u0131lmaktad\u0131r. Bu da ta\u015f\u0131nacak y\u00fck\u00fcn \u00f6l\u00e7\u00fclerine, tonaj\u0131na ve y\u00fcksekli\u011fine ba\u011fl\u0131 olarak tercih edilir. B\u00f6ylece ta\u015f\u0131nacak y\u00fck\u00fcn sorunsuz bir \u015fekilde teslim edilmesi sa\u011flan\u0131r. Baz\u0131 durumlarda m\u00fc\u015fteri talebi do\u011frultusunda sigorta ve montaj i\u015flemleri de a\u011f\u0131r nakliye firmalar\u0131 taraf\u0131nda yap\u0131lmaktad\u0131r. Lowbed nakliye fiyatlar\u0131 da bu nedenle farkl\u0131 \u00fccret kategorilerinde belirlenir. E\u011fer lowbed a\u011f\u0131r nakliye hizmet almak istiyorsan\u0131z \u00e7al\u0131\u015faca\u011f\u0131n\u0131z firmaya beklentilerinizi a\u00e7\u0131k\u00e7a belirtmelisiniz. B\u00f6ylece uygun fiyat avantajlar\u0131nda yararlanabilirsiniz.<\/p><\/div><div>\u00a0<\/div>\t\t\t\t\t\t<\/div>\n\t\t\t\t<\/div>\n\t\t\t\t\t<\/div>\n\t\t<\/div>\n\t\t\t\t\t\t\t<\/div>\n\t\t<\/section>\n\t\t\t\t\t\t\t<\/div>\n\t\t","protected":false},"excerpt":{"rendered":"<p>A\u011f\u0131r Nakliye Proje Ta\u015f\u0131mac\u0131l\u0131\u011f\u0131\u00a0 Cevher Vin\u00e7 A\u011f\u0131r Nakliye Proje Ta\u015f\u0131mac\u0131l\u0131\u011f\u0131n \u2019da Tank, Trofa ta\u015f\u0131malar\u0131n\u0131 lowbet, treyler ile her t\u00fcrl\u00fc yere y\u00fckleme, ta\u015f\u0131ma nakliye i\u015flerinde ba\u015far\u0131l\u0131 bir \u015fekilde hizmet vermeyi ama\u00e7lamaktad\u0131r. Tecr\u00fcbeli ve deneyimli kadrosu ile hizmetlerini kaliteli anahtar teslim projelerle yapmaktad\u0131r. [pfhub_portfolio_portfolio id=&#8221;11&#8243;] A\u011f\u0131r Y\u00fck ta\u015f\u0131ma ,Treyler ,Lowbed,Nakliye Ta\u015f\u0131mac\u0131l\u0131\u011f\u0131, son y\u0131llarda h\u0131zla b\u00fcy\u00fcme g\u00f6steren nakliye&hellip; <br \/> <a class=\"read-more\" href=\"https:\/\/cevhervinc.com.tr\/?page_id=609\">Devam\u0131<\/a><\/p>\n","protected":false},"author":1,"featured_media":0,"parent":904,"menu_order":0,"comment_status":"closed","ping_status":"closed","template":"","meta":[],"_links":{"self":[{"href":"https:\/\/cevhervinc.com.tr\/index.php?rest_route=\/wp\/v2\/pages\/609"}],"collection":[{"href":"https:\/\/cevhervinc.com.tr\/index.php?rest_route=\/wp\/v2\/pages"}],"about":[{"href":"https:\/\/cevhervinc.com.tr\/index.php?rest_route=\/wp\/v2\/types\/page"}],"author":[{"embeddable":true,"href":"https:\/\/cevhervinc.com.tr\/index.php?rest_route=\/wp\/v2\/users\/1"}],"replies":[{"embeddable":true,"href":"https:\/\/cevhervinc.com.tr\/index.php?rest_route=%2Fwp%2Fv2%2Fcomments&post=609"}],"version-history":[{"count":15,"href":"https:\/\/cevhervinc.com.tr\/index.php?rest_route=\/wp\/v2\/pages\/609\/revisions"}],"predecessor-version":[{"id":1121,"href":"https:\/\/cevhervinc.com.tr\/index.php?rest_route=\/wp\/v2\/pages\/609\/revisions\/1121"}],"up":[{"embeddable":true,"href":"https:\/\/cevhervinc.com.tr\/index.php?rest_route=\/wp\/v2\/pages\/904"}],"wp:attachment":[{"href":"https:\/\/cevhervinc.com.tr\/index.php?rest_route=%2Fwp%2Fv2%2Fmedia&parent=609"}],"curies":[{"name":"wp","href":"https:\/\/api.w.org\/{rel}","templated":true}]}}